(u) = -u + 1. Let t(w) = 6*f(w) + y(w). What are the prime factors of t(s)?
2
Suppose 4*g = 10*g - 396. List the prime factors of g.
2, 3, 11
Suppose -5*o = t - 2*t - 793, -5*o - t + 787 = 0. What are the prime factors of o?
2, 79
Suppose 5*i = 3*i + 8. Let y(l) = l + 10. Let j be y(0). Suppose -i*p + j = p. What are the prime factors of p?
2
Suppose -7 + 40 = i. Suppose 2*z + 3*f = -i, 6 - 67 = 4*z + 5*f. List the prime factors of (-8)/36 + (-92)/z.
2, 5
Let a be 2*2 + (-1 - 2). Let i(f) = 4*f**2 - 2*f + 1. Let x be i(a). Suppose 27 + 3 = x*o - 5*h, 0 = 4*o + h - 63. What are the prime factors of o?
3, 5
Let n(c) = c**2 + 4. Let q be 22/8 - (-7)/28. What are the prime factors of n(q)?
13
Let i(k) = 14*k**2 - 9*k - 5. List the prime factors of i(5).
2, 3, 5
Suppose -5*n = -5*z - 10, 9 = -3*z + 5*n - 1. Suppose -3*o + 16 = s - 2*o, z = s - o - 16. List the prime factors of -1 + (-3 + s - 3).
3
Suppose -4*o - 6 = -5*o. Let s be (-5*4)/(3/(-9)). Suppose -o*r + s = -r. List the prime factors of r.
2, 3
Suppose 4*m - 26 = -2*n, 2*n + 4 = 2*m - m. Suppose 0 = 4*i + m - 22. Suppose -i*j = -6 - 2. What are the prime factors of j?
2
Let c = -31 + 79. What are the prime factors of c?
2, 3
What are the prime factors of (-18)/(-4)*210/9?
3, 5, 7
Let v(n) be the first derivative of -n**3/3 + 5*n**2 + 4. List the prime factors of v(7).
3, 7
Suppose 0 = -4*v - s + 6, -6*s + 2 = 5*v - 2*s. Suppose -2*r = u - 6*r + v, -u + 7 = 5*r. Let q = 5 - u. What are the prime factors of q?
3
Suppose 12 = p - 3. Let l = p + -9. What are the prime factors of l?
2, 3
What are the prime factors of (0 + 0 + 2)*(-119)/(-2)?
7, 17
Suppose -5*p - 4*a = -425, 4*p = 4*a + 203 + 173. Suppose 5*v - 3*x = -2*x + p, 2*x = -2*v + 38. Let l = v + -1. What are the prime factors of l?
17
Let y(l) = -l**3 + 7*l**2 + 4*l - 1. List the prime factors of y(7).
3
Suppose 5*w + 2*a + 3*a - 630 = 0, 5*a = w - 108. What are the prime factors of w?
3, 41
List the prime factors of (-19)/(-3 - 2/(-1)).
19
Suppose 2*k - 7*k = -2*c - 73, 0 = -5*c + 3*k - 154. List the prime factors of c/(-1 + 0 - 0).
29
Suppose -4*d = 80 + 16. Let k = -84 + 49. Let w = d - k. List the prime factors of w.
11
Let b(t) = -t**3 + 9*t**2 - 10*t + 6. Let a be b(7). Let l = a - -2. What are the prime factors of l?
2, 3
Let p(j) = j**3 - 6*j**2 + 6*j + 2. Let i = 1 + -2. Let f be (-5)/(i/(-2)*-2). What are the prime factors of p(f)?
7
Let a = 1 - 7. Let p be 50/(-15) - (-4)/a. Let b(y) = y**3 + 4*y**2 - y + 3. What are the prime factors of b(p)?
7
What are the prime factors of 12/18 - (-76)/3?
2, 13
Let r(h) = h - 4. Let w be r(8). Suppose -2*s = -w*s + 62. What are the prime factors of s?
31
What are the prime factors of -4*14/(-3) - (-15)/45?
19
Let f be (-4)/10 + (-51)/(-15). Let b be -8 + (-6)/(f/(-1)). Let y(c) = -c**3 - 7*c**2 - 7*c. List the prime factors of y(b).
2, 3
Let l(t) = -2*t - 1 + 4*t + 13. List the prime factors of l(7).
2, 13
Let c(w) = w**3 - 7*w**2 + 5*w + 7. Let i be c(6). List the prime factors of (-2 - i)/(9/(-42)).
2, 7
Let g(k) = -k + 5. Let a be g(0). Suppose 0*o + 3*o - 301 = -f, -a*o + 495 = -5*f. Suppose -7*r + o = -2*r. List the prime factors of r.
2, 5
Suppose -6*q + 212 = 2*c - 2*q, 0 = -4*c - 4*q + 432. List the prime factors of c.
2, 5, 11
Let h(w) = -w + 5. Let y be (-8)/(-12) + 7/3. Let q be h(y). Suppose d - 5 = q. What are the prime factors of d?
7
Suppose 2*w - 47 = -5*f, -6*w - 2*f = -w - 128. List the prime factors of w.
2, 13
Let y = -31 + 43. List the prime factors of y/(-16) - (-62)/8.
7
Let q = -1 - -3. Suppose -3*f + 0*h - 40 = -h, q*h = 2*f + 24. List the prime factors of (12/f)/((-2)/28).
2, 3
Let n be (0 - 0)*(-1 + 2). Suppose -4*z + 4*w - w + 116 = n, 3*z - 74 = -w. Suppose -2*a = 0, -2*a + z = 2*i + 3*a. What are the prime factors of i?
13
Suppose 4*c - 9 = -g, g + 7 = 5*c - 2*g. Let b be -1 + c - -1 - -1. Suppose b*m + 3 = 27. What are the prime factors of m?
2
Suppose -m + 284 = 3*m. What are the prime factors of m?
71
What are the prime factors of 88 + 3 - (6 + -9)?
2, 47
Suppose 3*z = -2*z - 5. Let l = z - -22. List the prime factors of l.
3, 7
Let m(r) = -r**3 - 7*r**2 - 8*r - 9. Let x be m(-6). Suppose -x*u + 14 = g, -4*g - 3 - 9 = -5*u. What are the prime factors of g?
2
Let p(n) = n**3 - 11*n**2 + 13*n - 2. What are the prime factors of p(10)?
2, 7
Let j(y) = -27*y - 39. List the prime factors of j(-6).
3, 41
Let k(p) = 7*p**2 - 3*p - 1. Let w(c) = -1. Let d(s) = -k(s) + 4*w(s). Let z be d(2). Let j = -9 - z. What are the prime factors of j?
2
Suppose 0 = -3*r + 2*z + 1 + 1, 5*r + 4*z = 40. Let w = -43 + 109. Suppose -j = -r*j + w. What are the prime factors of j?
2, 11
Let l(h) = -h**2 + h + 7. Let g be l(3). List the prime factors of 1050/40 + g/(-4).
2, 13
Suppose 0 = -14*k + 511 + 399. List the prime factors of k.
5, 13
Suppose -4*l + 8*l + 56 = 2*n, -5*n + 158 = -4*l. List the prime factors of n.
2, 17
Suppose i = 5*u - 20, -24 = -5*u + 1. Suppose 3*z = 17 - i. Suppose 0 = -z*m + 4*c + 12, -3 = 3*m + 3*c - 30. What are the prime factors of m?
2, 3
Let q be (-4)/(-12) - 20/6. Let j be (-2 - -3) + (-1 - q). Suppose 0*z = -j*z + 36. List the prime factors of z.
2, 3
Let v(h) = 3*h**2 - h - 1. Let w(q) = -q**2 + 14*q + 3. Let m be w(14). What are the prime factors of v(m)?
23
Let p be ((-24)/(-10))/(3/10). Suppose a = 19 - p. What are the prime factors of a?
11
Suppose l = 8 - 3, -4*f - l + 65 = 0. What are the prime factors of f?
3, 5
Let j be (-10)/(-4 + 2 - 0). Let w(n) = n**3 - 6*n**2 + 6*n + 4. Let i be w(j). Let c = i + 5. What are the prime factors of c?
2, 7
Suppose 0 = -j + 31 - 5. List the prime factors of j.
2, 13
Let g(j) = 4*j**2 - 2*j - 2. Let a be g(-5). Suppose v - a = 3*v. List the prime factors of v/(-15)*(-30)/(-9).
2, 3
Let y = -22 - -35. What are the prime factors of y?
13
Let t(a) = -a**3 + a**2 + 5*a - 3. Let s be t(2). Suppose s*h - 7*h = -144. List the prime factors of h.
2, 3
Let j be (-16)/(-4)*(-2)/(-4). Suppose -3 = j*f - 3*p, -4*f + 0*p + 34 = 2*p. What are the prime factors of f?
2, 3
Suppose -6*k + 5*k = -60. List the prime factors of k.
2, 3, 5
Suppose -d + 8 = -7. Suppose 0 = -u - 2*u + d. List the prime factors of u.
5
Let x = 6 + -1. Suppose x*s - 23 - 1 = a, 0 = 5*s - 5*a - 40. List the prime factors of s.
2
Let c(y) = y + 8. Let i be c(-8). Let t = 3 - i. Suppose -t*j + 6 = -18. List the prime factors of j.
2
Suppose -2*k + 1 = 3*g, 5*g - 6 + 4 = -3*k. Suppose -3*v + b + 2 = -11, 0 = -3*v - 2*b + g. Let o = v - -4. List the prime factors of o.
7
Let u(v) = 15*v + 6. Let j be u(-6). Let p = 121 + j. Suppose 2*d - b = 33, 3*d - 3*b - p = -4*b. List the prime factors of d.
2, 7
Let k(s) = s**3 + 8*s**2 + 8*s + 5. Let q be k(-7). Let j = q + 7. What are the prime factors of j?
5
Let w = -117 - -188. List the prime factors of w.
71
Let n = 93 + -39. What are the prime factors of n?
2, 3
Let m(c) = c. Let f be m(2). Let a(w) = 2*w**3 + 2*w**2 - 4 + 3 - 5*w**2 + 3*w. List the prime factors of a(f).
3
Suppose 6*f - 59 = 109. List the prime factors of f.
2, 7
Suppose -4*f + 6 + 6 = 0. Let v = f + 1. What are the prime factors of v?
2
Let g = 11 - 6. Suppose -15 = -5*q - g. Let b = 7 - q. What are the prime factors of b?
5
Let s be 3 - -5 - 3 - 2. Suppose -1 = z - s. Suppose -z*b - b = -63. List the prime factors of b.
3, 7
Suppose -3*r = 2*r - 35. Suppose 0 = -r*s + 2*s + 110. Suppose 3*l = 3*y - 48, -2*y + 4*l - s = -58. List the prime factors of y.
2, 7
Let p(h) = h**3 + h + 4. Let m be p(0). Suppose 0*r + m*r - 36 = 0. What are the prime factors of r?
3
List the prime factors of (-1107)/(-15) - 4/(-20).
2, 37
Let n(a) = -a**3 - 7*a**2 - 2*a - 2. Let c(x) = x - 3. Let v be 4/((-8)/6) - 1. Let y be c(v). What are the prime factors of n(y)?
2, 3
Let u = 9 - 5. List the prime factors of u + 1 - 6/2.
2
Let t = 272 + -104. List the prime factors of t.
2, 3, 7
Let c(t) = -t**3 + 2*t**2 - 2*t. Let r be c(2). Let u be ((-12)/(-5))/(1/(-35)). List the prime factors of (6/r)/(9/u).
2, 7
Let i(d) = -d**3 - 13*d**2 - 18*d - 21. What are the prime factors of i(-12)?
3, 17
Let r = -5 - -148. List the prime factors of r.
11, 13
Let z(s) = 3*s**3 + 2*s**2 - 10*s + 18. List the prime factors of z(3).
3, 29
Let s be 28*(-2 - 3/(-1)). Suppose -p + 5*